533
In base 13, what is 128c + -1068?
224
In base 9, what is -24143455 + -5?
-24143461
In base 16, what is e8fee - -4?
e8ff2
In base 9, what is 456722870 + 0?
456722870
In base 9, what is -3647 + -6587?
-11345
In base 5, what is 1123331304433 - -1?
1123331304434
In base 13, what is -4783 - -1712?
-3071
In base 15, what is -444 + -415?
-859
In base 3, what is -12 - 21010000211111021?
-21010000211111110
In base 5, what is 3 - 14400332441?
-14400332433
In base 16, what is 1ae9 - -2016?
3aff
In base 3, what is -11121212012 + -20001000?
-11211220012
In base 15, what is -105b - 5a7?
-1613
In base 4, what is -30231320111 + -10?
-30231320121
In base 10, what is 5964 + 198529?
204493
In base 16, what is -1d887f + -be?
-1d893d
In base 12, what is -101 + 99b68?
99a67
In base 5, what is -1311 - 1230401?
-1232212
In base 6, what is 34455 - -212551?
251450
In base 4, what is -13313012220201 + -3?
-13313012220210
In base 14, what is 1855 - -3555?
4daa
In base 10, what is -1211 - 7631?
-8842
In base 13, what is 7b4a + -2a?
7b20
In base 12, what is 218 - 13602ab?
-1360093
In base 9, what is 282720 - -5431?
288251
In base 4, what is 2 - -3221012322?
3221012330
In base 2, what is -111010000001100 - -11?
-111010000001001
In base 6, what is -5525 + -312314?
-322243
In base 7, what is -1563606 + 20?
-1563556
In base 11, what is -15a54a9 + 18?
-15a5491
In base 4, what is -321200110 - 23233?
-321230003
In base 7, what is -642330 + -260?
-642620
In base 2, what is -1000011110011000000000 - 100?
-1000011110011000000100
In base 3, what is 10 + -20102100021222222?
-20102100021222212
In base 6, what is -225 + 101123333?
101123104
In base 5, what is 140 + 1014332044?
1014332234
In base 6, what is -420 + 444142?
443322
In base 3, what is -12 - -1102210211112120?
1102210211112101
In base 16, what is 11 - -889fc?
88a0d
In base 9, what is 31273207 + 4?
31273212
In base 14, what is -181d - bb?
-18da
In base 11, what is 1091 + -378876?
-377795
In base 9, what is 24623624 + -13?
24623611
In base 12, what is 1 - -ba738862?
ba738863
In base 10, what is -1 + -286517313?
-286517314
In base 5, what is -3331244210 + 12?
-3331244143
In base 3, what is 102120201121 + -100012?
102120101102
In base 5, what is -1330 - 24014120?
-24021000
In base 16, what is -4d5aa + -6?
-4d5b0
In base 11, what is 532a - -1952?
7181
In base 16, what is -ca5b8 - f?
-ca5c7
In base 10, what is -3242379 + -8?
-3242387
In base 9, what is 17 - 12184170?
-12184152
In base 10, what is -22738 - -4849?
-17889
In base 9, what is -47 + -111145?
-111203
In base 9, what is -52148127 + 4?
-52148123
In base 4, what is -330 - 22331320321?
-22331321311
In base 2, what is 1100010111 - -1011100111111001?
1011110100010000
In base 6, what is -30 - -135402155?
135402125
In base 13, what is -b894 - 38c?
-bc53
In base 11, what is -58 - 198286?
-198333
In base 8, what is 44 + -36727?
-36663
In base 12, what is 162 + 676059?
6761bb
In base 8, what is 11420035 - 5?
11420030
In base 16, what is 9 - -18c832?
18c83b
In base 13, what is -715670b - -4?
-7156707
In base 16, what is c8a9 + d0?
c979
In base 6, what is -1024144201 - -3?
-1024144154
In base 15, what is 962 - d26?
-3b4
In base 2, what is 10000000110001111110 - -110110011?
10000000111000110001
In base 4, what is 3221122121 - 210?
3221121311
In base 10, what is 2 - -7659768?
7659770
In base 10, what is -263490766 + -5?
-263490771
In base 13, what is 187b4 - 933?
17b81
In base 3, what is -12201221101220 + -102?
-12201221102022
In base 14, what is 52502 - -90?
52592
In base 12, what is 12256 + -1086?
11190
In base 13, what is -91697c + -1b?
-91699a
In base 4, what is -10322 - 1022123331?
-1022200313
In base 16, what is 39 + 11714c6?
11714ff
In base 11, what is 14a78a2 + 3?
14a78a5
In base 14, what is -a722140 + 3?
-a72213b
In base 5, what is -11431013 - 2241?
-11433304
In base 3, what is 1001220110102212012 - 11?
1001220110102212001
In base 4, what is 3213322000 + -212?
3213321122
In base 5, what is -21141011322 + 22?
-21141011300
In base 3, what is 2 - 10122102102220222?
-10122102102220220
In base 4, what is 3002210 - -13021?
3021231
In base 9, what is -8080 + 14318?
5228
In base 6, what is 430 - 12540523?
-12540053
In base 7, what is 143123 + 140?
143263
In base 3, what is -210110010111 - -2112?
-210110000222
In base 15, what is -1ec354 + -14a?
-1ec49e
In base 7, what is 4 + -2566105241?
-2566105234
In base 16, what is c40b6 + 27?
c40dd
In base 7, what is 20 - 11122530?
-11122510
In base 12, what is 1 + -3392b705?
-3392b704
In base 16, what is bbb2 + -59?
bb59
In base 14, what is 18 - 4c6ad0?
-4c6ab6
In base 7, what is 1140113 - 2341?
1134442
In base 15, what is -4616592 - -5?
-461658c
In base 12, what is -5 + 47a23a?
47a235
In base 3, what is 120102002 - -1101110101?
1221212110
In base 8, what is -34 + -552150?
-552204
In base 4, what is -233 - 301210012?
-301210311
In base 8, what is -471 - -44041?
43350
In base 6, what is -1 + 33201504333?
33201504332
In base 6, what is 5221415 - 100?
5221315
In base 7, what is 65501 + 3302?
102103
In base 10, what is 399 + 920190?
920589
In base 15, what is -122a89 - -16c?
-12291c
In base 4, what is 20 - -333131310?
333131330
In base 2, what is 101 + -1011001111011101111?
-1011001111011101010
In base 15, what is 19547 + -294?
192a3
In base 5, what is 1 - -20023212333?
20023212334
In base 12, what is 191034541 - -4?
191034545
In base 3, what is 11 - 10001100012100?
-10001100012012
In base 8, what is 2 - -14701723?
14701725
In base 15, what is -7 + 6eb49?
6eb42
In base 12, what is 577 - 4b?
528
In base 14, what is 80d + b011?
b820
In base 11, what is -76 - -75978?
75902
In base 3, what is 2020021001022 + 100?
2020021001122
In base 13, what is 0 - -34c9704?
34c9704
In base 12, what is 25857 - 2a7?
25570
In base 16, what is 980 + fc5?
1945
In base 7, what is 21245252130 + -4?
21245252123
In base 13, what is -4075636 - 12?
-4075648
In base 4, what is 2 - -103300123113?
103300123121
In base 5, what is -22421223 + 4?
-22421214
In base 3, what is -221221 - -12001002?
11002011
In base 3, what is 100012202211122 - -1021?
100012202212220
In base 3, what is 11001 - -110211102022?
110211120100
In base 12, what is -101512 - 26?
-101538
In base 6, what is 10220243 + 545?
10221232
In base 4, what is -10 - -320322301310?
320322301300
In base 16, what is 24b0a8c + 4?
24b0a90
In base 11, what is -2 - -59320187?
59320185
In base 4, what is 32002 + -313232330?
-313200322
In base 7, what is -653 + -616356?
-620342
In base 12, what is 1 + a3551b?
a35520
In base 8, what is 223711634 + -5?
223711627
In base 8, what is 7 + 13705440?
13705447
In base 8, what is 706707 + -2560?
704127
In base 16, what is -258c + 12c0?
-12cc
In base 8, what is -4 + -13052433?
-13052437
In base 16, what is 6c + a2392?
a23fe
In base 13, what is -13b85 + -3774?
-17629
In base 4, what is -21131 - 30022323?
-30110120
In base 6, what is 0 + 342455115?
342455115
In base 15, what is edd486 + 3?
edd489
In base 4, what is 12 + 21112033220?
21112033232
In base 3, what is 1012220202211 - 1012?
1012220201122
In base 2, what is 1110110010001 - 1011010001110000?
-1001011011011111
In base 11, what is 13740456 + -5?
13740451
In base 8, what is -41 - 600?
-641
In base 5, what is -14 + -3344204?
-3344223
In base 15, what is 4 + -140063?
-14005e
In base 13, what is -48230832 - 1?
-48230833
In base 15, what is 2395c8a + 3?
2395c8d
In base 8, what is 1765642 - 621?
1765021
In base 12, what is 5909232 - 2?
5909230
In base 13, what is 86 + 11c4?
127a
In base 10, what is 2 + 40558?
40560
In base 16, what is 1 + -bb6b97b?
-bb6b97a
In base 11, what is -277149 + -166?
-277304
In base 5, what is 10 + 433211002?
433211012
In base 15, what is -88b4cba - 1?
-88b4cbb
In base 9, what is 50 + 4277551?
4277611
In base 3, what is -12001200012012122 - -11?
-12001200012012111
In base 2, what is 1001000000100011101 - -10101?
1001000000100110010
In base 4, what is -2200013 + -11212120?
-20012133
In base 13, what is 1364a97 + -13?
1364a84
In base 6, what is -223503 - 2?
-223505
In base 10, what is 0 + 974?
974
In base 5, what is -1220142 + -1301233?
-3021430
In base 5, what is 11323420 - -11242?
11340212
In base 9, what is 2 + -535534?
-535532
In base 16, what is -3540b8 + -4?
-3540bc
In base 11, what is 65833a1 + 5?
65833a6
